777179 a composite number?
False
Is 723607747 prime?
True
Is 3803653 a composite number?
True
Is 15570869 prime?
True
Is 527923679 a prime number?
True
Is 2433293 a prime number?
True
Is 100744267 a composite number?
True
Is 40396379 prime?
False
Is 31571191 a composite number?
False
Is 1139747 prime?
False
Is 649602507 composite?
True
Is 2701609 a prime number?
False
Is 13368101 composite?
True
Is 8829203 prime?
False
Is 2569641 a prime number?
False
Is 1144877 composite?
False
Is 1981361 composite?
False
Is 31211641 a prime number?
True
Is 400236901 a composite number?
False
Is 41106181 composite?
False
Is 1508945 a prime number?
False
Is 16208111 a prime number?
True
Is 9309137 composite?
False
Is 802117021 a composite number?
True
Is 154409 composite?
False
Is 10447202 composite?
True
Is 1258079 a prime number?
True
Is 114129203 a composite number?
False
Is 6095818 a composite number?
True
Is 10099481 a prime number?
False
Is 26021473 a composite number?
True
Is 66167 composite?
True
Is 5676271 a prime number?
True
Is 179438713 composite?
True
Is 138813967 a prime number?
False
Is 77553989 composite?
False
Is 7112089 a prime number?
True
Is 14062271 a prime number?
True
Is 165287 composite?
False
Is 3721439 a prime number?
True
Is 34435663 a composite number?
False
Is 1353019 prime?
True
Is 523487 a composite number?
False
Is 22451999 prime?
False
Is 277652501 a composite number?
True
Is 460451 a prime number?
True
Is 1078219 a prime number?
True
Is 3318089 composite?
True
Is 876119 a composite number?
True
Is 1796473 composite?
True
Is 40973171 a prime number?
False
Is 106406701 composite?
False
Is 36086203 a prime number?
False
Is 7865545 a composite number?
True
Is 5040829 prime?
True
Is 1986193 a prime number?
False
Is 35768413 prime?
False
Is 122163131 a composite number?
False
Is 189198077 composite?
True
Is 177087 composite?
True
Is 24242683 a prime number?
False
Is 98371903 a composite number?
True
Is 964967 prime?
True
Is 13999003 a prime number?
True
Is 260986289 a composite number?
False
Is 6331001 prime?
True
Is 810503 composite?
False
Is 142753837 a prime number?
False
Is 14758085 a composite number?
True
Is 7193699 prime?
True
Is 185909377 composite?
True
Is 2987099 a composite number?
False
Is 8253101 prime?
True
Is 3402479 a prime number?
False
Is 2893 composite?
True
Is 650759 prime?
True
Is 120495407 prime?
True
Is 20846051 a composite number?
True
Is 16991623 composite?
True
Is 2619389 a prime number?
True
Is 2186059 a composite number?
False
Is 1947811 a prime number?
True
Is 4033045 composite?
True
Is 1985729 composite?
False
Is 27749419 a prime number?
True
Is 6530143 a composite number?
True
Is 260946611 prime?
False
Is 127844797 a composite number?
False
Is 292697315 a prime number?
False
Is 2494093 a composite number?
True
Is 161019721 prime?
True
Is 4611989 composite?
False
Is 443489 a composite number?
False
Is 139622671 composite?
True
Is 37707169 a composite number?
False
Is 341448269 a composite number?
False
Is 22209247 a composite number?
True
Is 132468809 a composite number?
True
Is 1128349 prime?
True
Is 815873 a composite number?
True
Is 136226483 a prime number?
False
Is 330219881 a prime number?
True
Is 20967073 a composite number?
False
Is 9752933 prime?
False
Is 870281 a prime number?
False
Is 21127559 a composite number?
True
Is 193724123 prime?
True
Is 80004461 prime?
True
Is 20393005 a prime number?
False
Is 48743503 a composite number?
True
Is 6962633 prime?
True
Is 28475041 prime?
False
Is 10440341 prime?
True
Is 4191923 a prime number?
False
Is 17076291 a prime number?
False
Is 511881 prime?
False
Is 122896073 composite?
False
Is 870323 composite?
False
Is 4793759 a composite number?
True
Is 143347931 a prime number?
False
Is 31693703 a composite number?
False
Is 5585779 prime?
False
Is 181494217 a composite number?
True
Is 396157 a prime number?
True
Is 126067 composite?
False
Is 2725577 a prime number?
False
Is 72451139 a prime number?
False
Is 3891541 composite?
False
Is 18732751 prime?
True
Is 5120093 a composite number?
True
Is 622433 a composite number?
True
Is 334840111 prime?
True
Is 909833 prime?
True
Is 12022919 composite?
False
Is 687277 composite?
False
Is 13762321 prime?
True
Is 71850107 a prime number?
False
Is 600779 composite?
True
Is 11765759 prime?
True
Is 2250163 a prime number?
True
Is 2181203 prime?
True
Is 52077023 composite?
True
Is 4930171 a composite number?
False
Is 2177687 a prime number?
True
Is 99066619 composite?
True
Is 5033489 a prime number?
False
Is 1160911 composite?
False
Is 370922887 a composite number?
False
Is 34065787 a composite number?
True
Is 10299911 prime?
False
Is 12684821 a prime number?
False
Is 16876627 composite?
True
Is 122363 a prime number?
True
Is 21418787 a prime number?
False
Is 1605523 composite?
True
Is 13156817 a prime number?
False
Is 386219 prime?
True
Is 52702514 composite?
True
Is 8729377 a prime number?
False
Is 5595881 composite?
False
Is 148991762 a prime number?
False
Is 296885257 composite?
False
Is 19684909 a prime number?
True
Is 14109182 prime?
False
Is 23255867 a composite number?
True
Is 1014863 prime?
True
Is 5216755 a composite number?
True
Is 38735599 composite?
True
Is 100749619 prime?
True
Is 229660747 prime?
True
Is 140416293 a composite number?
True
Is 32239331 composite?
True
Is 447479 a composite number?
True
Is 4301339 a prime number?
False
Is 10297613 a composite number?
True
Is 103604465 a composite number?
True
Is 96079033 prime?
True
Is 453751 a composite number?
True
Is 1349917 composite?
False
Is 278225813 prime?
False
Is 136097063 a prime number?
False
Is 85079671 composite?
True
Is 4204447 prime?
False
Is 18630991 a prime number?
False
Is 8857055 a prime number?
False
Is 371956157 a prime number?
True
Is 34717751 a prime number?
False
Is 7513879 a composite number?
False
Is 3393017 a prime number?
True
Is 365951347 prime?
False
Is 492912049 a prime number?
False
Is 14903891 a prime number?
False
Is 3257913 a composite number?
True
Is 433583643 a prime number?
False
Is 15977846 prime?
False
Is 285375589 a prime number?
True
Is 4181689 prime?
False
Is 93919607 a composite number?
False
Is 3263071 a prime number?
False
Is 26334059 a prime number?
False
Is 709227487 a composite number?
False
Is 325055 a composite number?
True
Is 172399 composite?
False
Is 5129693 a composite number?
True
Is 1032763 a prime number?
True
Is 686830589 prime?
True
Is 1490465 a prime number?
False
Is 25380307 a composite number?
True
Is 15851873 prime?
False
Is 205740961 a composite number?
False
Is 9827135 prime?
False
Is 39797543 prime?
True
Is 12221771 a composite number?
False
Is 2994207 a composite number?
True
Is 15209587 a composite number?
False
Is 47595743 composite?
True
Is 12159689 composite?
True
Is 5969063 a prime number?
True
Is 29285303 a composite number?
True
Is 22305103 a prime number?
False
Is 4775201 composite?
False
Is 4576937 prime?
False
Is 2140753 prime?
True
Is 62368487 a composite number?
True
Is 12525301 a prime number?
True
Is 13790507 composite?
True
Is 6634949 composite?
False
Is 6575497 a prime number?
True
Is 2632771 a composite number?
True
Is 6318826 a composite number?
True
Is 2231887 a composite number?
True
Is 30480137 a composite number?
True
Is 64703101 prime?
False
Is 4019647 prime?
True
Is 199273553 prime?
True
Is 28196743 a prime number?
True
Is 161562293 composite?
False
Is 1308397 a composite number?
True
Is 44481 a prime number?
False
Is 2495911 prime?
False
Is 4702723 a composite number?
False
Is 8907113 prime?
True
Is 72621254 a prime number?
False
Is 456167 composite?
False
Is 1923749 composite?
False
Is 2701261 composite?
False
Is 1168957 a prime number?
True
Is 23420311 a composite number?
True
Is 15399646 prime?
False
Is 455333 composite?
False
Is 1115957 composite?
True
Is 207622499 a composite number?
True
Is 20812921 a prime number?
True
Is 164429723 composite?
True
Is 530327015 a prime number?
False
Is 203704447 a composite number?
True
Is 21638887 prime?
True
Is 18733223 prime?
True
Is 6292537 composite?
True
Is 15080729 a prime number?
True
Is 49913783 a prime number?
True
Is 22886309 composite?
False
Is 891701 a composite number?
True
Is 18119489 composite?
False
Is 850